visor of r and 17.
17
Suppose 0 = -3*a + 4*a. Let h = 28 + a. What is the greatest common factor of 7 and h?
7
Suppose -o - 3 = -13. Let v be (-1)/2*o/(-1). Suppose -y + v*y = 504. Calculate the highest common divisor of y and 14.
14
Suppose s = 38 + 237. What is the greatest common factor of 25 and s?
25
Suppose 8 = 5*i - 32. Let s be (19/(-3))/(i/(-24)). Calculate the highest common divisor of s and 38.
19
Suppose 4 + 11 = 3*d. Suppose -21 + 6 = -l. Suppose -l = d*n, 0 = 4*f - 3*f - 3*n - 26. Calculate the highest common factor of 119 and f.
17
Suppose 4*k - 7 = m + k, 15 = 5*k. Let d(y) = y**2 - 5*y + 4. Let b be d(5). Let g = b + m. What is the highest common divisor of g and 6?
6
Let c = -16 - 39. Let j be c/(-4) + 1/4. Let z = j + -1. What is the greatest common factor of z and 91?
13
Let t be ((-16)/(-10))/((-30)/(-225)). What is the highest common factor of t and 84?
12
Let m(b) = b**3 + 4*b**2 - 4. Let g be m(-3). What is the highest common factor of 55 and g?
5
Let q = -4 - -76. Calculate the highest common factor of q and 18.
18
Let w = -6 + 37. Calculate the highest common factor of w and 341.
31
Suppose 3*k - 4 = 4*q - 6, 4*q = -2*k + 32. Calculate the highest common factor of k and 30.
6
Let x(d) = 2*d - 1. Let o be x(4). What is the greatest common divisor of o and 77?
7
Let w(s) = -s**2 + 27*s - 50. Let f be w(24). Calculate the greatest common divisor of 55 and f.
11
Let l = 8 + -5. Suppose b + 2*s - 116 = -l*b, 5*b + 4*s - 148 = 0. Suppose -12 = -134*h + 131*h. What is the greatest common factor of b and h?
4
Let y(i) = -21*i - 1. Let b = 6 + -7. Let g be y(b). What is the greatest common factor of 10 and g?
10
Let y be (-4)/10 - 154/(-10). Suppose -g - y = 4*g. Let l be 3/(g/(-2)) + 10. What is the highest common divisor of 30 and l?
6
Let c = -201 + 311. Calculate the highest common divisor of 22 and c.
22
Let q(o) = 6*o**2 + 14*o - 2. Let y be q(-6). What is the greatest common divisor of 52 and y?
26
Let c(y) be the first derivative of 4*y**3/3 + y**2/2 + 1. Suppose 0 = -0*t - 2*t + 2. Let d be c(t). Calculate the greatest common divisor of 15 and d.
5
Suppose 5*k = -0*k + 40. Calculate the greatest common factor of k and 16.
8
Suppose 4*d - 8*d + 140 = 0. Let o = d + -19. Suppose -n - 3 = -19. What is the highest common divisor of o and n?
16
Suppose 4*v + v = 270. Suppose 6 = z - 9. Let y = -9 + z. What is the highest common factor of v and y?
6
Let a be 55*7*12/42. Calculate the highest common divisor of a and 165.
55
Suppose -2*f = f - 297. Let p = -2 + 4. Suppose 4*b = -0*b - 4*o + 56, -4*o - 10 = -p*b. What is the highest common divisor of f and b?
11
Suppose w = -w + 10. Suppose 3*s - 465 = -w*r - 0*s, -s = -3*r + 293. Calculate the greatest common divisor of r and 12.
12
Let i be 73/3 + 1/(-3). Suppose -2*a = q - 49, -3*a + 73 = -0*q + q. What is the greatest common factor of a and i?
24
Suppose 0 = -4*y - y + 25. Let c = y + 45. What is the highest common factor of c and 10?
10
Let m(y) = y + 1. Let i(b) = 5*b + 11. Let j(s) = i(s) - 6*m(s). Let l be j(4). What is the highest common divisor of 7 and l?
1
Suppose 0 = -2*y + 7 + 5. Suppose -3*j - 6 = 3*x, -j + y = x - 2*j. What is the highest common factor of 14 and x?
2
Let x be (-220)/(-11)*3/6. Calculate the greatest common divisor of x and 90.
10
Let b(u) = u + 2. Let j be b(0). Suppose 3*h + j*q + 1 = 0, 2*h - 3*h = -2*q + 3. Let k be (2 - -1)/(h/(-2)). What is the highest common divisor of 18 and k?
6
Let r(v) = 12*v - 6. Let n be r(-5). Let o be n/(-14) + 4/14. Suppose 0*d - o*d = -630. Calculate the greatest common divisor of d and 18.
18
Suppose 6*b = 3*b + 231. Calculate the greatest common divisor of 7 and b.
7
Let g = -12 - -15. Let l be 2 + -1 - (g + -6). What is the highest common factor of 36 and l?
4
Let c = -7 - -6. Let w = 10 + c. Calculate the greatest common factor of w and 27.
9
Suppose 0 = -2*h - 3*h + 10. Let f be -10 - -10 - 34/(-2). Suppose 0*g - f = -g + x, -h*g + x + 37 = 0. What is the greatest common factor of 50 and g?
10
Let q(k) = -k**3 - 6*k**2 - 2*k + 5. Let s be q(-5). Let a be 7/5 - 6/s. Let n be 490/7*a/4. Calculate the greatest common factor of 5 and n.
5
Let k = -28 - -73. Let g be (-19)/(-3) + (-2)/(-3). Let d = g + -2. Calculate the greatest common factor of k and d.
5
Suppose 25 = 2*b + 3*b. Suppose 0 = -2*t + 2*p + 118, 0 = -5*p + b - 0. Calculate the highest common factor of t and 40.
20
Suppose v - 18 = -2*h, -3*v - 4*h = -39 - 21. Calculate the greatest common factor of v and 96.
24
Let l = -54 + 76. Let r = -1 - -1. Suppose v + r*v = 33. Calculate the greatest common factor of l and v.
11
Let l = 11 - 7. Suppose 1415 - 15 = 50*v. What is the highest common factor of l and v?
4
Let o(p) = -6*p - 6. Let c be o(-8). Suppose -3*h = c - 156. What is the greatest common divisor of h and 19?
19
Let x be 2/((5/(-30))/((-3)/4)). What is the highest common divisor of 81 and x?
9
Let t(a) = -2*a**2 + 2*a**2 + a**3 + 5 - 4*a**2 - 5*a. Let x be t(5). What is the greatest common divisor of x and 55?
5
Let a(i) = i**3 + 7*i**2 + 6*i. Let y be a(-4). Calculate the greatest common factor of y and 12.
12
Let x be 6/10 - (-5412)/55. Calculate the greatest common divisor of 11 and x.
11
Suppose 5*o = 4*p + 216, p + 168 = 4*o - p. Let c be o*(1 - (-2)/(-4)). What is the highest common divisor of c and 80?
20
Let g = -89 + 157. Suppose -g + 14 = -3*m. Suppose -3*w - q = -55, -3*q - q = w - 22. What is the highest common divisor of w and m?
18
Suppose 211 + 381 = 4*i - 4*r, -3*r + 321 = 2*i. Suppose 36 - i = -w. Calculate the highest common factor of 13 and w.
13
Suppose 0 = 4*l + 5*q - 8 - 121, 69 = 2*l + q. What is the highest common factor of 90 and l?
18
Suppose -4*c + 7*c = 9. Suppose -3 = -c*r + 5*q + 2, 0 = 3*r + 4*q - 23. What is the highest common factor of r and 25?
5
Let a be -1 + 651/7 - 4. Let r(k) be the second derivative of -k**3/6 + 3*k**2 + k. Let x be r(-5). What is the greatest common factor of x and a?
11
Suppose 2*y - y - 55 = 0. Let t be 21/2 - 4/(-8). What is the highest common divisor of y and t?
11
Let g be (-19)/(1 - 4/2). Suppose 4*x + 3*d = 82, 0 = -5*x + d + 4*d + 85. What is the highest common divisor of x and g?
19
Suppose -y = -3*j - 12 - 5, -5*y + 25 = 0. Let z(d) = -13*d + 4. Let h be z(j). Let o be ((-16)/5)/((-10)/25). What is the highest common divisor of h and o?
8
Let h(j) = -j**3 + 15*j**2 + j + 1. Let w be h(15). Calculate the highest common divisor of w and 16.
16
Let w be (8/(-20))/((-4)/10). Let f be 2/6 + (-2)/(-3). Calculate the greatest common divisor of f and w.
1
Let o be (4/(-6))/((-4)/(-18)*-3). Calculate the greatest common factor of 5 and o.
1
Suppose -3*k - 323 + 911 = 0. Calculate the greatest common factor of k and 56.
28
Let m(n) = -n**2 - 16*n + 2. Let w be m(-12). Suppose 0 = 2*l - r - w, -4*l = -r - 122 + 18. What is the greatest common factor of l and 3?
3
Let v be (-5)/(-20)*8 + 185 + 0. Calculate the greatest common divisor of v and 17.
17
Let k be (-6 - -4)/(1/(-2)). Suppose -5*z + k*z = -24. What is the highest common factor of z and 36?
12
Let t(o) = o + 31. Let f be t(0). Let x = -15 + f. Suppose 0 = -n - 2*q + 34, 2*n + q + 31 = 108. Calculate the greatest common factor of x and n.
8
Let q(s) = 5*s - 9. Let z be q(5). What is the highest common factor of z and 16?
16
Let t = 71 + -31. What is the greatest common factor of 10 and t?
10
Let d = 79 + 249. Calculate the highest common divisor of d and 41.
41
Let f = -28 + 39. What is the highest common divisor of f and 1?
1
Suppose -2*h + 72 = -0. Let m = -2 + 6. Calculate the highest common divisor of m and h.
4
Let y(d) = 2*d**3 - 4*d**3 + 3*d**3 + 10 - 4*d**2 - 6*d - 3. Let a = -4 - -9. Let c be y(a). Calculate the highest common factor of c and 8.
2
Suppose 62 - 14 = 4*z. Suppose -d + b + 1 = -2, -2*d + z = -4*b. Suppose d*s + 132 = 3*s. Calculate the highest common divisor of s and 4.
4
Suppose -30 = -2*o - o. Let r = 8 + -6. Suppose 2*b - 3*z + 0*z = 44, -5*b = r*z - 129. Calculate the highest common divisor of b and o.
5
Let y be 6/(-4)*(-8)/3. Suppose -5*a + y*a - 4 = 0. Let p be (4/(-5))/(a/70). What is the highest common factor of 56 and p?
14
Suppose f = 2*a - 37, 96 = 5*a + f - 0*f. Suppose -2*p + 5 = -p. Suppos